-473?
2, 3, 79
Let v(o) = o**3. Let n(y) = -4*y**3 - y**2 + 6*y + 3. Let l(q) = -n(q) - 3*v(q). What are the prime factors of l(4)?
53
Let m = -337 - -614. List the prime factors of m.
277
What are the prime factors of ((-125)/375)/(2/(-1170))?
3, 5, 13
Let h(o) = 12*o - 7. Let c be h(1). Suppose -c*r = -7*r + 280. List the prime factors of r.
2, 5, 7
Suppose 2*a = o - 0*o + 2, 2 = -3*o + 4*a. Let g be (2 - -3)*o/5. Suppose -w - w = g*h, 0 = -4*w + 5*h + 45. List the prime factors of w.
5
Let n(c) be the second derivative of c**3/6 - 3*c**2/2 - 3*c. Let o be n(8). Suppose -135 + 35 = -o*t. What are the prime factors of t?
2, 5
Let t = -298 - -400. Suppose -h - 10 = -3*h. Suppose 8*a - t = h*a. List the prime factors of a.
2, 17
Let j(g) = 100*g**2 + 4*g + 39. What are the prime factors of j(-4)?
3, 541
Suppose 24 = -3*k + 9*k. List the prime factors of 326/k + 15/10.
83
List the prime factors of (-2644)/(-7) + 2 + (-104)/(-364).
2, 5, 19
Let w = -489 + 1020. List the prime factors of w.
3, 59
Suppose 78553 - 24257 = 22*r. List the prime factors of r.
2, 617
Let k = -637 + 901. List the prime factors of k.
2, 3, 11
List the prime factors of 6892/16 + (-1 - 10/(-8)).
431
Let p = 27 - 42. What are the prime factors of (260/25)/((-6)/p)?
2, 13
Let h(v) be the first derivative of -13*v**4/4 + v**3/3 + 3*v**2/2 + v - 8. Suppose -3*l + 1 = 4*b, -1 = 5*l + 4*b - 0. List the prime factors of h(l).
2, 3
Let n be -2*1 + (-5)/(-5). What are the prime factors of (43 - 1) + n + 1?
2, 3, 7
Let v(x) = -x**3 + 8*x + 7. Let s be (4/4 + 0)*-5. Let b be v(s). Suppose 4*n + 5*h - b = 0, 16 = -2*n - 3*h + 64. List the prime factors of n.
2, 3
Let u(x) = 35*x - 272. What are the prime factors of u(11)?
113
Let t = 21 - 8. Suppose x + 5*l - t = 0, 17 - 62 = -5*x - 5*l. Let d(s) = s**2 - 7*s. What are the prime factors of d(x)?
2
Let a(j) = -j**3 + j**2 + 2*j + 1. Let b be a(2). Let m = 54 + b. What are the prime factors of m?
5, 11
Let m = -13 - -15. Let c(p) = 2*p + p**m - p - 17 + 4. What are the prime factors of c(7)?
43
Let k = -599 + 1054. Suppose 0 = -5*a - s + k, 0*a - 5*s + 115 = a. What are the prime factors of a?
2, 3, 5
Let b be 0 + 1/(-4)*0. Suppose b*a = -a + 124. What are the prime factors of a?
2, 31
List the prime factors of ((-1)/3)/(11/(-29007)).
3, 293
Suppose -2*a + 5*z - 6 = 0, 3*a - 2*a - 3*z = -4. Suppose 0 = -g + i - 4 + 34, -185 = -5*g - a*i. What are the prime factors of g?
5, 7
Let b = 222 - -1. What are the prime factors of b?
223
Let f(h) = 5*h + 113. Let t be f(-22). Let b(d) = 2*d**2 + 7. Let s be b(5). Suppose 0*l - t*l + s = 0. List the prime factors of l.
19
Suppose -2*x = -z - 848, -12 = 3*z - 6*z. Let i = x - 125. List the prime factors of i.
7, 43
Let c(i) = -i**3 - 9*i**2 + 7*i - 7. Let s(b) = b**3 + 5*b**2 - 4*b + 4. Let f(a) = 3*c(a) + 5*s(a). Let q = -37 - -39. What are the prime factors of f(q)?
3
Let h(v) = -v**3 + 14*v**2 + v - 4. Let d be h(14). Let y = -14 + d. What are the prime factors of (y - 0) + 3 - -37?
2, 3
Suppose 0 = 4*p + 2*p + 102. Let l = p - -20. List the prime factors of (3 + (7 - 3))*l.
3, 7
Suppose -3*j = 3*w + 2 + 16, 5*w = -2*j - 18. Let v be (w/(-6))/(1/15). Let m(o) = o + 8. What are the prime factors of m(v)?
13
Suppose 1666 = r + 2*b, -2*r = b - 2*b - 3347. List the prime factors of r.
2, 11, 19
Suppose 4*h = 4*x - 184, -1 = -x - h + 39. Let c = 46 - x. What are the prime factors of c?
3
Let a be 4 - 4 - 2/(-2). Let l = a - -10. List the prime factors of l.
11
Suppose -2*q + 10*u - 6*u = -4622, 2*u = -2*q + 4628. What are the prime factors of q?
3, 257
Let p be (-5 + 0)*(2 + -11). Let r = p + -66. List the prime factors of r/6*-4 - 0.
2, 7
Let m(c) = -c**3 + 5*c**2 - 3*c - 4. Let i be m(4). Suppose i = -4*r + 8*r + 12. List the prime factors of -1*(44 + r)*-1.
41
Suppose -53 = 3*a - 11. Let z(r) = -5*r - 5. List the prime factors of z(a).
5, 13
Let o be (-147)/(-4) - (-2)/8. Let r be (-117)/351 + 196/3. Suppose 5*w = -k + o + 297, w - r = -2*k. What are the prime factors of w?
67
Let f be (-1500)/(-70) - (-3)/(-7). Suppose 5*x - 261 = -f. List the prime factors of x.
2, 3
Suppose 0 = a - d - 364, 2*d + 360 = -a + 2*a. List the prime factors of a.
2, 23
Suppose -s - 84*w + 87*w = -682, -2068 = -3*s - 2*w. List the prime factors of s.
2, 43
Let l = 19 + -16. Suppose -7*x + z = -l*x - 42, 2*x = -z + 18. What are the prime factors of ((-4)/x)/((-6)/30)?
2
Suppose 2*w + 4*h = 3732, -5*w - 4*h = -9*w + 7500. List the prime factors of w.
2, 3, 13
Let a(u) = -2*u + 25. What are the prime factors of a(-4)?
3, 11
Let s(n) = -n - 10. Let u(p) = -5*p - 51. Let y(r) = 11*s(r) - 2*u(r). Let m be y(-14). What are the prime factors of (-3 - -1)*(-33)/m?
11
Let v(w) = -w**3 + 4*w**2 + 5*w - 4. Suppose z - 14 + 0 = -3*n, -z = n - 6. Suppose 0 = -2*x + x + n. List the prime factors of v(x).
2
Let y(t) = -t**3 + 8*t**2 + t + 24. Let j = 63 - 58. List the prime factors of y(j).
2, 13
Suppose -14*s = 5*h - 13*s - 7790, 4*s = -h + 1539. List the prime factors of h.
1559
Suppose 4*l + 3 = 4*k + 11, 0 = 2*l + 2*k + 12. Let f be -37 + (1 - -2) + l. Let m = -16 - f. List the prime factors of m.
2, 5
Suppose 0 = 20*c - 1687 - 9673. List the prime factors of c.
2, 71
Let s = -5 - -8. Let v(y) = 3 - 3 + s*y - 4*y. List the prime factors of v(-2).
2
Suppose 0 = -5*m - 33 + 113. Let q be 10*(-2)/m*-4. Let l = q + 1. What are the prime factors of l?
2, 3
Let l = -444 + 984. What are the prime factors of l?
2, 3, 5
Let m(n) = 2*n + 23. Let p(g) = -g**2 - g - 7. Suppose -f = -2*s - 3, 15 = -s - f + 6*f. Let o be p(s). What are the prime factors of m(o)?
3
Let j = -131 + 757. List the prime factors of j.
2, 313
Let o(l) = -l**2 - 24*l + 20. Let b be o(-26). Let m = b + 58. List the prime factors of m.
2, 13
Suppose 82*h - 84*h - 1182 = 0. List the prime factors of (-8)/2*(-4 + h/12).
3, 71
Suppose 0 = 4*u - 2*u - 220. Suppose -t = -4*h - 3*t + u, -5*t + 79 = 3*h. Let q = 34 - h. What are the prime factors of q?
2, 3
Let o be ((-168)/10)/((-3)/15). Suppose 2*i - 68 = -0*i + 5*w, 4*i + 3*w - o = 0. What are the prime factors of i?
2, 3
Suppose 2*z + z - 126 = 0. Let j = z + 29. List the prime factors of j.
71
Let d be 330/75*(4 - -1). Let x = 29 - d. What are the prime factors of x?
7
Let d = 75 - 72. What are the prime factors of (-1 + 32)/(d/12)?
2, 31
Let d(x) = 2*x + 13. Let p be d(-5). Suppose -w + 2*w - p*r = 87, -4*w = 2*r - 320. What are the prime factors of w?
3
Let f(w) = w**3 - 7*w**2 - 10*w + 10. Let o be f(8). Let n(r) = -r - 13. Let b be n(o). Let y = 27 + b. What are the prime factors of y?
2, 5
Suppose 0 = -3*y + 5*o + 938 + 70, 2*y = 5*o + 672. List the prime factors of y.
2, 3, 7
Let b(x) = 21*x**2 + 18*x - 15. What are the prime factors of b(-6)?
3, 211
List the prime factors of (-13)/(455/(-330))*(1 - -174).
2, 3, 5, 11
Let n = -3395 + 6601. List the prime factors of n.
2, 7, 229
Let x(q) = -1128*q + 155. What are the prime factors of x(-3)?
3539
Suppose y - 15 = 6*y, -2*s - 3*y - 21 = 0. Let d = 83 - 138. Let n = s - d. What are the prime factors of n?
7
Let q(v) = -v**3 + 12*v**2 + 7*v + 3. Let a(f) = 1 - 6*f + 3*f + 4*f. Let j(d) = 6*a(d) + q(d). List the prime factors of j(13).
3
Suppose -2*y + 4 = -p, -3*p - p + 36 = 5*y. Let c(g) = 69*g - 131*g + 63*g. List the prime factors of c(p).
2
Suppose 0 = 2*i - h - 15, 3*i - 16 = 2*h - 7*h. Let b be (-3)/(-1) - (0 - 152). Suppose 4*l + 3*c - 132 = -i, -5*c + b = 5*l. List the prime factors of l.
2
Let k be 7/7*(1 + 0). Let z be k/(-3) + 295/3. Let x = z + -65. List the prime factors of x.
3, 11
Let m(j) = -5*j + 12. Let p be m(7). Let w = p - -46. Let a = w - 5. List the prime factors of a.
2, 3
Suppose -7*g = 358 - 106. What are the prime factors of 33 + g + -1*1*-151?
2, 37
Let a be (2/1 - -2) + -2. Suppose 0 = -a*x - 5*y - 16, 2*x = -3*x - y + 6. Suppose 0 = -x*j - 3*n + n + 52, n = -2*j + 48. What are the prime factors of j?
2, 11
Let f(w) = -35*w - 1. Let t be f(-2). Suppose 4*z + t + 15 = 4*u, 4*u - 102 = -2*z. Let n = u + -8. What are the prime factors of n?
2
Let j(p) = -3 + 0*p + 0*p - 3 + p. Let x be ((-320)/12)/(-8)*3. What are the prime factors of j(x)?
2
Let y(v) = -v + 15. Suppose -22 = -2*x - 2*r, 2*x - 18 = 5*r + 11. Let p be y(x). Let a(s) = 9*s. W